{"id":8221,"date":"2024-08-05T14:00:34","date_gmt":"2024-08-05T12:00:34","guid":{"rendered":"https:\/\/www.ibeauty.expert\/Bez kategorije\/lucens-balsamo-protezione-capelli-colorati-200-ml\/"},"modified":"2024-08-05T14:00:34","modified_gmt":"2024-08-05T12:00:34","slug":"lucens-balsamo-protezione-capelli-colorati-200-ml","status":"publish","type":"product","link":"https:\/\/www.ibeauty.expert\/hr\/kozmetika-za-kosu\/lucens-balsamo-protezione-capelli-colorati-200-ml\/","title":{"rendered":"Lucens Balsamo Protezione Capelli Colorati 200 ml"},"content":{"rendered":"","protected":false},"excerpt":{"rendered":"<h3 data-start=\"0\" data-end=\"56\"><strong data-start=\"0\" data-end=\"26\">BALZAM ZA OBOJENU KOSU<\/strong><\/h3>\n<p data-start=\"0\" data-end=\"56\"><strong>97 % prirodnog podrijetla<\/strong><\/p>\n<p data-start=\"58\" data-end=\"131\">Balzam posebno dizajniran za njegu i nagla\u0161avanje ljepote obojene kose.<\/p>\n<p data-start=\"133\" data-end=\"241\">Sadr\u017ei Lucens Care Complex*, maslinovo* ulje i ulje sjemenki suncokreta*, ekstrakte suncokreta* i nevena*.<\/p>\n<p data-start=\"243\" data-end=\"299\">Miris oboga\u0107en eteri\u010dnim uljima lavande* i ru\u017emarina*.<\/p>\n<p data-start=\"301\" data-end=\"321\" data-is-last-node=\"\">*iz organskog uzgoja<\/p>\n","protected":false},"featured_media":8217,"comment_status":"open","ping_status":"closed","template":"","meta":{"_seopress_robots_primary_cat":"","_seopress_titles_title":"","_seopress_titles_desc":"","_seopress_robots_index":""},"etheme_brands":[],"product_brand":[],"product_cat":[773],"product_tag":[],"class_list":{"0":"post-8221","1":"product","2":"type-product","3":"status-publish","4":"has-post-thumbnail","6":"product_cat-kozmetika-za-kosu","8":"first","9":"instock","10":"taxable","11":"shipping-taxable","12":"purchasable","13":"product-type-simple"},"_links":{"self":[{"href":"https:\/\/www.ibeauty.expert\/hr\/wp-json\/wp\/v2\/product\/8221","targetHints":{"allow":["GET"]}}],"collection":[{"href":"https:\/\/www.ibeauty.expert\/hr\/wp-json\/wp\/v2\/product"}],"about":[{"href":"https:\/\/www.ibeauty.expert\/hr\/wp-json\/wp\/v2\/types\/product"}],"replies":[{"embeddable":true,"href":"https:\/\/www.ibeauty.expert\/hr\/wp-json\/wp\/v2\/comments?post=8221"}],"wp:featuredmedia":[{"embeddable":true,"href":"https:\/\/www.ibeauty.expert\/hr\/wp-json\/wp\/v2\/media\/8217"}],"wp:attachment":[{"href":"https:\/\/www.ibeauty.expert\/hr\/wp-json\/wp\/v2\/media?parent=8221"}],"wp:term":[{"taxonomy":"brand","embeddable":true,"href":"https:\/\/www.ibeauty.expert\/hr\/wp-json\/wp\/v2\/etheme_brands?post=8221"},{"taxonomy":"product_brand","embeddable":true,"href":"https:\/\/www.ibeauty.expert\/hr\/wp-json\/wp\/v2\/product_brand?post=8221"},{"taxonomy":"product_cat","embeddable":true,"href":"https:\/\/www.ibeauty.expert\/hr\/wp-json\/wp\/v2\/product_cat?post=8221"},{"taxonomy":"product_tag","embeddable":true,"href":"https:\/\/www.ibeauty.expert\/hr\/wp-json\/wp\/v2\/product_tag?post=8221"}],"curies":[{"name":"wp","href":"https:\/\/api.w.org\/{rel}","templated":true}]}}

<h3 data-start="0" data-end="56"><strong data-start="0" data-end="26">BALZAM ZA OBOJENU KOSU</strong></h3>
<p data-start="0" data-end="56"><strong>97 % prirodnog podrijetla</strong></p>
<p data-start="58" data-end="131">Balzam posebno dizajniran za njegu i naglašavanje ljepote obojene kose.</p>
<p data-start="133" data-end="241">Sadrži Lucens Care Complex*, maslinovo* ulje i ulje sjemenki suncokreta*, ekstrakte suncokreta* i nevena*.</p>
<p data-start="243" data-end="299">Miris obogaćen eteričnim uljima lavande* i ružmarina*.</p>
<p data-start="301" data-end="321" data-is-last-node="">*iz organskog uzgoja</p>
